s divided by 125.
16
What is the remainder when 100743 is divided by 49?
48
What is the remainder when 14084 is divided by 72?
44
Calculate the remainder when 2004775 is divided by 123.
121
Calculate the remainder when 38467 is divided by 25.
17
What is the remainder when 63229 is divided by 27?
22
What is the remainder when 1766 is divided by 1687?
79
What is the remainder when 10644 is divided by 2124?
24
What is the remainder when 110406 is divided by 296?
294
Calculate the remainder when 4282 is divided by 22.
14
What is the remainder when 304090 is divided by 29?
25
What is the remainder when 44485 is divided by 320?
5
What is the remainder when 52858 is divided by 6605?
18
Calculate the remainder when 12506 is divided by 117.
104
Calculate the remainder when 1032 is divided by 45.
42
What is the remainder when 133731 is divided by 84?
3
What is the remainder when 3224 is divided by 1496?
232
What is the remainder when 29186 is divided by 3?
2
Calculate the remainder when 2642545 is divided by 660636.
1
Calculate the remainder when 152008 is divided by 49.
10
Calculate the remainder when 23811 is divided by 3967.
9
Calculate the remainder when 119360 is divided by 6.
2
What is the remainder when 323467 is divided by 2009?
18
What is the remainder when 4464 is divided by 2?
0
What is the remainder when 2039 is divided by 115?
84
Calculate the remainder when 111675 is divided by 2279.
4
Calculate the remainder when 2956197 is divided by 39.
36
Calculate the remainder when 3554 is divided by 66.
56
What is the remainder when 24647 is divided by 1914?
1679
Calculate the remainder when 5330 is divided by 47.
19
Calculate the remainder when 21892 is divided by 27.
22
Calculate the remainder when 44125 is divided by 679.
669
Calculate the remainder when 2484 is divided by 47.
40
What is the remainder when 153599 is divided by 150?
149
What is the remainder when 20793 is divided by 1094?
7
Calculate the remainder when 2623 is divided by 47.
38
Calculate the remainder when 33456 is divided by 11150.
6
Calculate the remainder when 64052 is divided by 854.
2
Calculate the remainder when 1360933 is divided by 48.
37
What is the remainder when 612651 is divided by 27?
21
Calculate the remainder when 83213 is divided by 16.
13
Calculate the remainder when 17022 is divided by 568.
550
Calculate the remainder when 1570429 is divided by 92378.
3
Calculate the remainder when 20588 is divided by 15.
8
What is the remainder when 3010 is divided by 92?
66
What is the remainder when 11338 is divided by 1605?
103
Calculate the remainder when 36443 is divided by 985.
983
Calculate the remainder when 8167 is divided by 2715.
22
Calculate the remainder when 89740 is divided by 46.
40
Calculate the remainder when 296058 is divided by 10.
8
What is the remainder when 4199 is divided by 350?
349
Calculate the remainder when 4651 is divided by 244.
15
Calculate the remainder when 3471 is divided by 151.
149
Calculate the remainder when 12547 is divided by 3043.
375
Calculate the remainder when 809217 is divided by 11.
2
Calculate the remainder when 3728 is divided by 42.
32
What is the remainder when 1473 is divided by 116?
81
What is the remainder when 53625 is divided by 38?
7
What is the remainder when 220228 is divided by 19?
18
What is the remainder when 161823 is divided by 8990?
3
What is the remainder when 27293 is divided by 300?
293
What is the remainder when 6603 is divided by 1609?
167
Calculate the remainder when 23128 is divided by 472.
0
What is the remainder when 25192 is divided by 4196?
16
Calculate the remainder when 28326 is divided by 1655.
191
Calculate the remainder when 74171 is divided by 88.
75
Calculate the remainder when 11290 is divided by 179.
13
Calculate the remainder when 34368 is divided by 8588.
16
What is the remainder when 1766 is divided by 62?
30
Calculate the remainder when 21502 is divided by 7154.
40
What is the remainder when 1719715 is divided by 17?
12
What is the remainder when 4331 is divided by 2164?
3
What is the remainder when 89795 is divided by 44875?
45
What is the remainder when 7587 is divided by 378?
27
Calculate the remainder when 459 is divided by 413.
46
Calculate the remainder when 880325 is divided by 110040.
5
What is the remainder when 114630 is divided by 38202?
24
Calculate the remainder when 67261 is divided by 318.
163
Calculate the remainder when 58883 is divided by 5888.
3
What is the remainder when 823131 is divided by 173?
170
What is the remainder when 93946 is divided by 419?
90
Calculate the remainder when 31 is divided by 6.
1
What is the remainder when 293622 is divided by 932?
42
Calculate the remainder when 422 is divided by 8.
6
What is the remainder when 176903 is divided by 27?
26
What is the remainder when 1239 is divided by 305?
19
Calculate the remainder when 422804 is divided by 17.
14
Calculate the remainder when 13512 is divided by 121.
81
Calculate the remainder when 11946 is divided by 307.
280
Calculate the remainder when 1485998 is divided by 3.
2
Calculate the remainder when 6765 is divided by 33.
0
What is the remainder when 94972 is divided by 450?
22
Calculate the remainder when 420 is divided by 150.
120
Calculate the remainder when 4450 is divided by 295.
25
Calculate the remainder when 3633 is divided by 425.
233
Calculate the remainder when 1660 is divided by 94.
62
What is the remainder when 6827 is divided by 1117?
125
Calculate the remainder when 39290 is divided by 74.
70
Calculate the remainder when 274888 is divided by 238.
236
Calculate the remainder when 1082 is divided by 59.
20
Calculate the remainder when 20 is divided by 13.
7
Calculate the remainder when 633 is divided by 153.
21
What is the remainder when 22961 is divided by 19?
9
What is the remainder when 24232 is divided by 6044?
56
What is the remainder when 944506 is divided by 2539?
2537
Calculate the remainder when 934 is divided by 327.
280
Calculate the remainder when 328270 is divided by 21.
19
Calculate the remainder when 13617 is divided by 6806.
5
What is the remainder when 9717 is divided by 515?
447
What is the remainder when 150155 is divided by 41?
13
What is the remainder when 232008 is divided by 27?
24
Calculate the remainder when 15837 is divided by 96.
93
Calculate the remainder when 11569 is divided by 2268.
229
Calculate the remainder when 1126219 is divided by 59274.
13
Calculate the remainder when 123778 is divided by 3639.
52
Calculate the remainder when 13005 is divided by 2404.
985
Calculate the remainder when 9814 is divided by 156.
142
Calculate the remainder when 14157 is divided by 253.
242
What is the remainder when 49293 is divided by 104?
101
Calculate the remainder when 852127 is divided by 3.
1
Calculate the remainder when 539 is divided by 147.
98
Calculate the remainder when 3994 is divided by 1515.
964
What is the remainder when 304677 is divided by 43525?
2
What is the remainder when 663971 is divided by 39?
35
What is the remainder when 461 is divided by 233?
228
What is the remainder when 5209 is divided by 1528?
625
What is the remainder when 5236 is divided by 1689?
169
Calculate the remainder when 20663 is divided by 504.
503
Calculate the remainder when 8533 is divided by 32.
21
What is the remainder when 13853 is divided by 13803?
50
Calculate the remainder when 3749 is divided by 1239.
32
Calculate the remainder when 19715 is divided by 85.
80
What is the remainder when 146844 is divided by 174?
162
What is the remainder when 185521 is divided by 20613?
4
What is the remainder when 32173 is divided by 13?
11
Calculate the remainder when 4726432 is divided by 572.
568
Calculate the remainder when 40335 is divided by 4471.
96
Calculate the remainder when 2258 is divided by 120.
98
Calculate the remainder when 684945 is divided by 22.
19
What is the remainder when 30489 is divided by 15242?
5
Calculate the remainder when 10321 is divided by 6.
1
What is the remainder when 222330 is divided by 33?
9
Calculate the remainder when 726122 is divided by 185.
182
What is the remainder when 13986 is divided by 6798?
390
What is the remainder when 48521 is divided by 1155?
11
What is the remainder when 151284 is divided by 50428?
0
Calculate the remainder when 1767